 by 2635.
85
Calculate the remainder when 1174594 is divided by 839.
833
Calculate the remainder when 17602 is divided by 359.
11
What is the remainder when 6817 is divided by 3394?
29
What is the remainder when 4513 is divided by 317?
75
Calculate the remainder when 2472 is divided by 814.
30
Calculate the remainder when 24799 is divided by 48.
31
Calculate the remainder when 25019 is divided by 91.
85
Calculate the remainder when 506 is divided by 246.
14
Calculate the remainder when 13506 is divided by 3331.
182
What is the remainder when 6650 is divided by 96?
26
Calculate the remainder when 3370 is divided by 141.
127
Calculate the remainder when 718 is divided by 181.
175
Calculate the remainder when 9 is divided by 7.
2
What is the remainder when 1599 is divided by 173?
42
What is the remainder when 98992 is divided by 45?
37
What is the remainder when 1973 is divided by 221?
205
Calculate the remainder when 978 is divided by 33.
21
What is the remainder when 235042 is divided by 557?
545
What is the remainder when 1789 is divided by 1438?
351
What is the remainder when 2385 is divided by 663?
396
Calculate the remainder when 299 is divided by 27.
2
Calculate the remainder when 1853051 is divided by 503.
502
Calculate the remainder when 7990 is divided by 7979.
11
What is the remainder when 8717 is divided by 72?
5
Calculate the remainder when 1380 is divided by 48.
36
What is the remainder when 9830 is divided by 29?
28
What is the remainder when 487591 is divided by 162530?
1
Calculate the remainder when 14600 is divided by 166.
158
What is the remainder when 221 is divided by 25?
21
Calculate the remainder when 3292 is divided by 330.
322
Calculate the remainder when 28287 is divided by 9355.
222
What is the remainder when 8430 is divided by 8419?
11
What is the remainder when 96632 is divided by 19?
17
What is the remainder when 68792 is divided by 34394?
4
Calculate the remainder when 13755 is divided by 29.
9
Calculate the remainder when 75095 is divided by 291.
17
What is the remainder when 26003 is divided by 2?
1
Calculate the remainder when 1226109 is divided by 248.
245
Calculate the remainder when 7243 is divided by 169.
145
What is the remainder when 7155 is divided by 2162?
669
What is the remainder when 918 is divided by 21?
15
What is the remainder when 21713 is divided by 496?
385
What is the remainder when 41422 is divided by 4601?
13
What is the remainder when 1295102 is divided by 5511?
17
Calculate the remainder when 184240 is divided by 19.
16
What is the remainder when 2019 is divided by 289?
285
Calculate the remainder when 852061 is divided by 59.
42
Calculate the remainder when 59723 is divided by 854.
797
What is the remainder when 60278 is divided by 20069?
71
What is the remainder when 17146 is divided by 4283?
14
Calculate the remainder when 3056 is divided by 1014.
14
What is the remainder when 10839 is divided by 638?
631
Calculate the remainder when 1732 is divided by 776.
180
Calculate the remainder when 32862 is divided by 85.
52
Calculate the remainder when 1357 is divided by 33.
4
Calculate the remainder when 1794 is divided by 311.
239
Calculate the remainder when 903828 is divided by 67.
65
What is the remainder when 14441 is divided by 4560?
761
What is the remainder when 10218 is divided by 106?
42
Calculate the remainder when 3103 is divided by 41.
28
What is the remainder when 5618 is divided by 72?
2
Calculate the remainder when 133946 is divided by 27.
26
Calculate the remainder when 365287 is divided by 22.
21
Calculate the remainder when 12826 is divided by 121.
0
Calculate the remainder when 71134 is divided by 334.
326
What is the remainder when 3197 is divided by 341?
128
Calculate the remainder when 873 is divided by 69.
45
What is the remainder when 1889 is divided by 1779?
110
What is the remainder when 735 is divided by 240?
15
Calculate the remainder when 38648 is divided by 19301.
46
Calculate the remainder when 2174 is divided by 838.
498
What is the remainder when 6382 is divided by 541?
431
What is the remainder when 30410 is divided by 6077?
25
Calculate the remainder when 186 is divided by 170.
16
Calculate the remainder when 14682 is divided by 4894.
0
Calculate the remainder when 80444 is divided by 15.
14
What is the remainder when 29645 is divided by 191?
40
What is the remainder when 5729433 is divided by 506?
501
Calculate the remainder when 1215 is divided by 693.
522
What is the remainder when 528279 is divided by 879?
0
What is the remainder when 58153 is divided by 14536?
9
Calculate the remainder when 17289 is divided by 559.
519
What is the remainder when 5838 is divided by 30?
18
What is the remainder when 9903 is divided by 619?
618
Calculate the remainder when 30930 is divided by 97.
84
What is the remainder when 28982 is divided by 187?
184
What is the remainder when 6054153 is divided by 2134?
2129
Calculate the remainder when 13663 is divided by 188.
127
What is the remainder when 11027 is divided by 325?
302
What is the remainder when 15670 is divided by 3125?
45
Calculate the remainder when 168091 is divided by 8.
3
Calculate the remainder when 36260 is divided by 2007.
134
Calculate the remainder when 12596 is divided by 660.
56
Calculate the remainder when 517 is divided by 120.
37
Calculate the remainder when 777599 is divided by 384.
383
What is the remainder when 2487 is divided by 1228?
31
Calculate the remainder when 23968 is divided by 3615.
2278
What is the remainder when 356 is divided by 170?
16
What is the remainder when 163081 is divided by 3?
1
Calculate the remainder when 311733 is divided by 186.
183
What is the remainder when 4075 is divided by 407?
5
What is the remainder when 958913 is divided by 167?
166
Calculate the remainder when 120073 is divided by 7056.
121
What is the remainder when 9021 is divided by 4074?
873
What is the remainder when 11619 is divided by 140?
139
What is the remainder when 38919 is divided by 19?
7
What is the remainder when 2899 is divided by 725?
724
Calculate the remainder when 10178 is divided by 10081.
97
What is the remainder when 6868 is divided by 245?
8
Calculate the remainder when 14387 is divided by 4720.
227
Calculate the remainder when 93047 is divided by 940.
927
Calculate the remainder when 763 is divided by 58.
9
Calculate the remainder when 273868 is divided by 9.
7
What is the remainder when 25587 is divided by 408?
291
Calculate the remainder when 9706 is divided by 161.
46
What is the remainder when 272816 is divided by 195?
11
What is the remainder when 5511 is divided by 1097?
26
What is the remainder when 721170 is divided by 360582?
6
What is the remainder when 4955 is divided by 708?
707
What is the remainder when 2097 is divided by 999?
99
What is the remainder when 6343 is divided by 212?
195
Calculate the remainder when 391228 is divided by 1482.
1462
What is the remainder when 5326 is divided by 2415?
496
What is the remainder when 245104 is divided by 3225?
4
What is the remainder when 358554 is divided by 107?
104
Calculate the remainder when 47354 is divided by 15685.
299
What is the remainder when 70174 is divided by 121?
115
Calculate the remainder when 4528267 is divided by 1011.
1009
What is the remainder when 803797 is divided by 1307?
1299
What is the remainder when 313487 is divided by 72?
71
What is the remainder when 9955 is divided by 23?
19
What is the remainder when 129027 is divided by 345?
342
What is the remainder when 36182 is divided by 517?
509
Calculate the remainder when 210267 is divided by 30.
27
What is the remainder when 11005 is divided by 2199?
10
What is the remainder when 5580 is divided by 1859?
3
Calculate the remainder when 18703 is divided by 74.
55
What is the remainder when 2736 is divided by 484?
316
Calculate the remainder when 18773 is divided by 1112.
981
Calculate the remainder when 41549 is divided by 75.
74
What is the remainder when 511 is divided by 17?
1
Calculate the remainder when 422 is divided by 46.
8
What is the remainder when 879 is divided by 648?
231
What is the remainder when 1059959 is divided by 33?
32
What is the remainder when 65465 is divided by 13?
10
What is the remainder when 46973 is divided by 64?
61
What is the